{"id":316,"date":"2019-09-22T09:09:08","date_gmt":"2019-09-22T07:09:08","guid":{"rendered":"http:\/\/www.gruenemondseeland.at\/?page_id=316"},"modified":"2025-10-31T20:01:24","modified_gmt":"2025-10-31T19:01:24","slug":"gemeindeplanet","status":"publish","type":"page","link":"https:\/\/www.gruenemondseeland.at\/?page_id=316","title":{"rendered":"Zeitungen"},"content":{"rendered":"\n<p><\/p>\n\n\n\n<p><strong>Hier druckfrisch die aktuelle Ausgabe vom Oktober 2025<\/strong><\/p>\n\n\n\n<figure class=\"wp-block-image\"><a href=\"https:\/\/www.gruenemondseeland.at\/wp-content\/uploads\/2025\/10\/WEB_gruene-mondsee-gemeindeplanet_A4-12-seitig_2025-10-31.pdf\" target=\"_blank\" rel=\"noopener\"><img src=\"https:\/\/www.gruenemondseeland.at\/wp-content\/uploads\/2025\/10\/gruene-mondsee-gemeindeplanet_A4-12-seitig_2025-10-31-724x1024.jpg\" alt=\"\"\/><\/a><\/figure>\n\n\n\n<p><strong>Archiv:<\/strong><\/p>\n\n\n\n<p><a href=\"https:\/\/www.gruenemondseeland.at\/wp-content\/uploads\/2025\/05\/WEB_gruene-mondsee-gemeindeplanet_A4-16-seitig_2025-05-22.pdf\" data-type=\"URL\" data-id=\"https:\/\/www.gruenemondseeland.at\/wp-content\/uploads\/2025\/05\/WEB_gruene-mondsee-gemeindeplanet_A4-16-seitig_2025-05-22.pdf\" target=\"_blank\" rel=\"noreferrer noopener\">Gr\u00fcne Mondseeland Mai 2025<\/a><\/p>\n\n\n\n<p><a href=\"https:\/\/www.gruenemondseeland.at\/wp-content\/uploads\/2024\/09\/WEB_gruene-mondseeland-gemeindeplanet_A4-12-seitig_2024-09-01.pdf\">Gr\u00fcne Mondseeland September 2024<\/a><\/p>\n\n\n\n<p><a href=\"https:\/\/www.gruenemondseeland.at\/wp-content\/uploads\/2023\/10\/WEB_gruene-mondsee-gemeindeplanet_A4-12-seitig_2023-10-09-1.pdf\">Gr\u00fcne Mondseeland Oktober 2023<\/a><\/p>\n\n\n\n<p><a href=\"https:\/\/www.gruenemondseeland.at\/wp-content\/uploads\/2023\/04\/web_gruene-mondsee-gemeindeplanet_A4-12-seitig_2023-04-17.pdf\" data-type=\"post\" target=\"_blank\" rel=\"noreferrer noopener\">Gr\u00fcne Mondseeland M\u00e4rz 2023<\/a><\/p>\n\n\n\n<p><a rel=\"noreferrer noopener\" href=\"https:\/\/www.gruenemondseeland.at\/wp-content\/uploads\/2022\/10\/web-gruene-mondsee-gemeindeplanet_A4-12-seitig_2022-09-20.pdf\" target=\"_blank\">Gr\u00fcne Mondseeland Oktober 2022<\/a><\/p>\n\n\n\n<p><a href=\"http:\/\/www.gruenemondseeland.at\/wp-content\/uploads\/2022\/05\/web_gruenen-zeitung_A4-12-seitig_2022-04-12.pdf\" target=\"_blank\" rel=\"noreferrer noopener\">Gr\u00fcne Mondseeland April 2022<\/a><\/p>\n\n\n\n<p><a rel=\"noreferrer noopener\" href=\"http:\/\/www.gruenemondseeland.at\/wp-content\/uploads\/2021\/09\/20210902gruenen-zeitung_A4-8-seitig_2021-08-24-web.pdf\" target=\"_blank\">Gr\u00fcne Mondseeland September 2021<\/a><\/p>\n\n\n\n<p><a href=\"http:\/\/www.gruenemondseeland.at\/wp-content\/uploads\/2021\/06\/gruenen-zeitung_A4-8-seitig_2021-05-17-web-4.pdf\" target=\"_blank\" rel=\"noreferrer noopener\">Gr\u00fcne Mondseeland Mai 2021<\/a><\/p>\n\n\n\n<p><a href=\"http:\/\/www.gruenemondseeland.at\/wp-content\/uploads\/2019\/09\/gruenen-zeitung_A4-8-seitig_2020-10-26.pdf\" target=\"_blank\" rel=\"noreferrer noopener\">Gr\u00fcne Mondseeland November 2020<\/a><\/p>\n\n\n\n<p><a href=\"http:\/\/www.gruenemondseeland.at\/wp-content\/uploads\/2019\/09\/Gemeindeplanet-01_2020_Gr\u00fcne-Mondseeland.pdf\" target=\"_blank\" rel=\"noreferrer noopener\">Gr\u00fcne Mondseeland Juni 2020<\/a><\/p>\n\n\n\n<p><a href=\"http:\/\/www.gruenemondseeland.at\/wp-content\/uploads\/2019\/09\/WEB_gruenen-zeitung_A4-4-seitig_2019-09-09.pdf\" target=\"_blank\" rel=\"noopener\">Gr\u00fcne Mondseeland September 2019<\/a><\/p>\n\n\n\n<p><a href=\"http:\/\/www.gruenemondseeland.at\/wp-content\/uploads\/2019\/09\/WEB_gruenen-zeitung_A4-8-seitig_2019-05-02.pdf\" target=\"_blank\" rel=\"noopener\">Gr\u00fcne Mondseeland Mai 2019<\/a><\/p>\n\n\n\n<p><a href=\"http:\/\/www.gruenemondseeland.at\/wp-content\/uploads\/2019\/02\/web_gruenen-zeitung_A4-8-seitig_2019-01.pdf\" target=\"_blank\" rel=\"noopener\">Gr\u00fcne Mondseeland J\u00e4nner 2019<\/a><\/p>\n","protected":false},"excerpt":{"rendered":"<p>Hier druckfrisch die aktuelle Ausgabe vom Oktober 2025 Archiv: Gr\u00fcne Mondseeland Mai 2025 Gr\u00fcne Mondseeland September 2024 Gr\u00fcne Mondseeland Oktober 2023 Gr\u00fcne Mondseeland M\u00e4rz 2023 Gr\u00fcne Mondseeland Oktober 2022 Gr\u00fcne Mondseeland April 2022 Gr\u00fcne Mondseeland September 2021 Gr\u00fcne Mondseeland Mai 2021 Gr\u00fcne Mondseeland November 2020 Gr\u00fcne Mondseeland Juni 2020 Gr\u00fcne Mondseeland September 2019 Gr\u00fcne Mondseeland &hellip; <\/p>\n<p class=\"link-more\"><a href=\"https:\/\/www.gruenemondseeland.at\/?page_id=316\" class=\"more-link\"><span class=\"screen-reader-text\">\u201eZeitungen\u201c<\/span> weiterlesen<\/a><\/p>\n","protected":false},"author":1,"featured_media":0,"parent":0,"menu_order":0,"comment_status":"closed","ping_status":"closed","template":"","meta":[],"_links":{"self":[{"href":"https:\/\/www.gruenemondseeland.at\/index.php?rest_route=\/wp\/v2\/pages\/316"}],"collection":[{"href":"https:\/\/www.gruenemondseeland.at\/index.php?rest_route=\/wp\/v2\/pages"}],"about":[{"href":"https:\/\/www.gruenemondseeland.at\/index.php?rest_route=\/wp\/v2\/types\/page"}],"author":[{"embeddable":true,"href":"https:\/\/www.gruenemondseeland.at\/index.php?rest_route=\/wp\/v2\/users\/1"}],"replies":[{"embeddable":true,"href":"https:\/\/www.gruenemondseeland.at\/index.php?rest_route=%2Fwp%2Fv2%2Fcomments&post=316"}],"version-history":[{"count":40,"href":"https:\/\/www.gruenemondseeland.at\/index.php?rest_route=\/wp\/v2\/pages\/316\/revisions"}],"predecessor-version":[{"id":973,"href":"https:\/\/www.gruenemondseeland.at\/index.php?rest_route=\/wp\/v2\/pages\/316\/revisions\/973"}],"wp:attachment":[{"href":"https:\/\/www.gruenemondseeland.at\/index.php?rest_route=%2Fwp%2Fv2%2Fmedia&parent=316"}],"curies":[{"name":"wp","href":"https:\/\/api.w.org\/{rel}","templated":true}]}}